is the greatest common factor of 32 and q?
16
Let k(p) = 2*p**2 + 16*p + 57. Let y be k(0). What is the greatest common divisor of 38 and y?
19
Suppose 345 = 24*m - 255. What is the highest common factor of 50 and m?
25
Suppose -2*m + 74 = 4*r, r + 19 + 120 = 4*m. Calculate the highest common divisor of m and 7.
7
Suppose 4*s = -2*d + 3*d - 20, d - s = 8. Calculate the greatest common factor of 292 and d.
4
Suppose 54 = 3*a - 99. What is the highest common divisor of a and 68?
17
Suppose 116 + 66 = g. What is the highest common divisor of g and 7?
7
Let v = 18 + -13. Suppose 0 = -v*c - 4 + 49. Let f be (48/c)/(2/3). What is the greatest common factor of f and 20?
4
Let r = 840 + -432. What is the highest common factor of 16 and r?
8
Suppose 0 = 162*k - 170*k + 784. What is the greatest common factor of 28 and k?
14
Let n(w) = -w**2 - 13*w + 17. Let c be n(-13). Suppose 0 = -4*v - 0*v + 8. Suppose -3*y - v*y = -340. What is the greatest common factor of y and c?
17
Let i(w) = -w**2 - 18*w - 24. Let o = 41 + -57. Let d be i(o). Calculate the highest common divisor of 32 and d.
8
Let l = 13 + -23. Let c be 1/2 - 95/l. Let z(p) = p**3 + 7*p**2 - 10*p + 9. Let x be z(-8). What is the highest common divisor of c and x?
5
Let x be 2*2/12*276. Let c be x/10 - (-9)/(-45). Calculate the highest common divisor of 36 and c.
9
Suppose 3*f - 47 = -2*n, -14*f + 57 = -10*f - 3*n. What is the highest common factor of 16 and f?
1
Let s be (1 + 0)*8*-1. Let a(h) = -h + 10. Let u be a(s). Suppose 2*g - 2*z - 20 = 0, 0 = -5*g + z + 84 - u. Calculate the highest common factor of g and 154.
14
Let w(u) = u**3 + 22*u**2 + 39*u - 4. Let m be w(-20). Calculate the highest common divisor of m and 120.
8
Let y = 1085 - 470. Calculate the highest common factor of y and 15.
15
Suppose 0 = -16*p + 11*p - 105. Suppose 6*a - 4*a = 102. Let t = a + p. Calculate the highest common factor of 15 and t.
15
Suppose -3*c + 15 = 3*z, 3*z - 15 = -4*c - 0*c. Let y be (-3)/z*(-39 - 6). Calculate the highest common factor of y and 9.
9
Suppose 3*j + 5 = 4*j. Suppose -3*i = -i + t - 65, 3*i = -j*t + 115. Let m be (75/(-3) - 5)*(-2)/6. What is the greatest common divisor of m and i?
10
Let b be (-5 - (-8 + -7)) + -1. Calculate the highest common divisor of 48 and b.
3
Suppose 7*g - 89 = 100. Suppose s - 37 = 5*u, 0*u - u - 29 = -s. What is the greatest common divisor of g and s?
27
Let f be (747 + -6)*20/30. What is the highest common divisor of 130 and f?
26
Let c(j) = j**2 - 9*j + 4. Let o be c(9). Let r = -4 + o. Suppose r = 6*l - l - 110. Calculate the greatest common divisor of l and 44.
22
Let r be (3 - 1)*3/2. Let o be (-24)/((-12)/2) + (-4)/1. Suppose -58*k + 63*k - 60 = o. Calculate the greatest common factor of k and r.
3
Suppose 3 = -3*u + 9. Suppose -h = 2*m + h + 26, 0 = u*m - 4*h + 2. Let g = 33 - m. What is the greatest common divisor of g and 7?
7
Suppose 3*t + 4664 = -5*t. Let q = t - -855. Calculate the greatest common factor of q and 34.
34
Let x be ((-1)/(-2))/((-6)/(-36)). Suppose f - 2*l = 65 - 9, x*f = 5*l + 166. What is the greatest common divisor of 416 and f?
52
Let c = -106 + 175. Let w = c - 61. What is the greatest common divisor of 40 and w?
8
Let x(q) = -5*q + 7. Let s be x(-1). What is the greatest common divisor of 18 and s?
6
Suppose 146 = -7*u - 29. Let o be (0 - 30)*(5 - (-135)/u). What is the greatest common factor of 108 and o?
12
Suppose -4*z - 25752 = -33*z. Calculate the greatest common factor of z and 48.
24
Suppose 291*h - 293*h + 152 = 0. What is the highest common factor of h and 171?
19
Suppose -3*j + 4 = -0*j + 4*d, 0 = 4*d - 4. Let b be (12 + 3)*(1 + j). Calculate the highest common divisor of b and 3.
3
Suppose -7*p + 3*p = -12. Suppose 23 = p*q - 4*s, 3*q = -5*s + 11 + 21. What is the highest common factor of q and 36?
9
Suppose -2*d = -17 + 9. Calculate the greatest common divisor of 26 and d.
2
Let f be (23*1)/((8 - -4)/108). Calculate the highest common divisor of f and 9.
9
Let n = -89 + 169. Let u(k) = k**2 + 1. Let t be u(3). Calculate the highest common divisor of n and t.
10
Let z = -634 - -644. Suppose -2*o = 2*o - 16. Let p = z - o. What is the highest common factor of 4 and p?
2
Let a = -6 - 0. Let p(h) be the first derivative of h**4/4 + 2*h**3 - 2*h**2 - 4*h - 20. Let y be p(a). Calculate the highest common factor of 8 and y.
4
Let w = 64 + -36. Let n be (-2)/3*3/(-2) - 1. Let x be -5*1/(-2)*(28 + n). What is the greatest common divisor of w and x?
14
Let d = 1 + -14. Let a(m) = m**2 + 8*m + 7. Let v be a(d). What is the greatest common factor of v and 36?
36
Let b = -2 - -8. Suppose -b*v = -v - 245. Let y be v - 4*3/(-6). Calculate the highest common divisor of 17 and y.
17
Let s = -107 - -640. Calculate the highest common factor of 26 and s.
13
Let s be 1/5 + 1/(-5). Let x be (s - 0)*(0 - 1). Suppose -2*h - 4 + 26 = x. Calculate the highest common factor of h and 33.
11
Let v(q) = 3*q**2 - 13*q + 6. Let i be v(5). Let x = 23 + 1. What is the highest common factor of i and x?
8
Suppose 0 = -4*a - 4*h, h + h = 2*a - 16. Suppose 0 = -7*s + 102 - a. Let u(t) = t**2 - 2*t - 1. Let v be u(-1). What is the greatest common divisor of s and v?
2
Suppose 0 = -6*w + 2*w - 2*x + 12, -x - 2 = -2*w. Let f be w + (-7)/(7/(-4)). What is the greatest common divisor of 4 and f?
2
Let d be (-280)/(-60)*6/7. Suppose 5*w = -d*t + 52, 2*t + 7*w - 4*w = 28. What is the highest common factor of t and 56?
8
Let p be 18/27 - (-295)/3. What is the greatest common divisor of p and 55?
11
Suppose 101*k + 300 = 105*k. Calculate the greatest common divisor of 45 and k.
15
Let c be -7 + 12984/36*9. What is the highest common divisor of c and 41?
41
Let y = 3516 + -2644. What is the greatest common divisor of 8 and y?
8
Suppose 4*f + 3*v = 162, -4*f = -3*v - 62 - 112. What is the highest common factor of 112 and f?
14
Suppose -s - 15 - 14 = 0. Let r = s - -39. What is the highest common divisor of 25 and r?
5
Let n(g) = 29*g**3 - 8*g**2 + 9*g - 2. Let c be n(1). What is the greatest common factor of 64 and c?
4
Let j = 25 - 8. Let b = 155 + -19. What is the highest common factor of b and j?
17
Suppose -4 = -4*l - 3*g, -g = 5*l - 0*g - 16. What is the greatest common divisor of l and 12?
4
Suppose 52*b - 3*z = 47*b + 1489, 1202 = 4*b + 3*z. What is the greatest common divisor of 69 and b?
23
Suppose 5*f - k - 66 = 0, -18*f = -13*f - 4*k - 69. Calculate the highest common divisor of 3419 and f.
13
Suppose -4*b - 141 + 453 = 0. Let h be 36/(-8)*(-20)/15. What is the greatest common divisor of b and h?
6
Let v = 644 + -548. Calculate the highest common divisor of v and 336.
48
Let i be 5 + 45 + (-1)/(-1). Suppose -u + i = 7. Calculate the greatest common divisor of u and 11.
11
Let w(c) be the second derivative of c**3/3 - 4*c**2 - c. Let t be w(6). Let r = -9489 - -9521. Calculate the highest common divisor of r and t.
4
Let o(q) = -150*q**3 - q**2 - 2*q - 1. Let p be o(-1). Let b be (-4)/(-10)*p/1. Let n = -21 + 36. What is the highest common factor of n and b?
15
Let s(x) = -x**3 + 5*x**2 - x + 3. Let r be s(5). Let l be (-14)/(-5) - r/10. Let b be (-42)/(-2) - (4 - l). Calculate the highest common divisor of b and 5.
5
Suppose 0 = -h - 11 + 35. Suppose -h = -3*p + 369. Suppose -29 - p = -2*o + 5*z, -o - z + 66 = 0. Calculate the greatest common divisor of 28 and o.
14
Suppose -18*g = 32*g - 38*g - 432. Suppose 0 = -2*b + 3*b - 90. What is the highest common divisor of g and b?
18
Suppose 2*g + n = -2, 3*n + 2*n + 4 = -4*g. Let z = -1 - g. Suppose z = 4*c + 3*f - 32 + 5, -4*c + 7 = -f. What is the greatest common divisor of 9 and c?
3
Let f be (-3)/((-18)/4)*36. Let v = -8 + f. Suppose 2*u + u + 16 = 4*y, -4*y - u + v = 0. Calculate the highest common divisor of 28 and y.
4
Let b(q) = -23*q + 3. Let t be b(4). Let h = t + 159. Calculate the highest common factor of h and 10.
10
Let p(m) = -m**3 + 4*m**2 + 7*m + 8. Suppose -6*v = -v + 15. Let r be p(v). What is the greatest common divisor of r and 10?
10
Suppose 224 + 456 = 5*v. Calculate the greatest common divisor of v and 34.
34
Suppose -50 = -4*n - n. Let f be (7 + 0)/(1/n). Let y(w) = 29*w**2 - 2*w + 1. Let z be y(1). What is the highest common divisor of z and f?
14
Let g(b) = 24*b - 3. Let s be g(2